{"id":8,"date":"2026-03-28T23:02:36","date_gmt":"2026-03-28T22:02:36","guid":{"rendered":"https:\/\/dc-designs.eu\/test\/?page_id=8"},"modified":"2026-03-28T23:02:36","modified_gmt":"2026-03-28T22:02:36","slug":"staze","status":"publish","type":"page","link":"https:\/\/dc-designs.eu\/test\/staze\/","title":{"rendered":"St\u00e1\u017ee"},"content":{"rendered":"<div id=\"ssp-modal\" class=\"ssp-modal\" aria-hidden=\"true\"><div class=\"ssp-modal__overlay\" data-ssp-close=\"1\"><\/div><div class=\"ssp-modal__dialog\" role=\"dialog\" aria-modal=\"true\" aria-labelledby=\"ssp-modal-title\"><button type=\"button\" class=\"ssp-modal__close\" data-ssp-close=\"1\" aria-label=\"Zav\u0159\u00edt\">&times;<\/button><div id=\"ssp-modal-content\"><\/div><\/div><\/div><div class=\"ssp-grid\"><div class=\"ssp-card\"><h3>KN Liberec<\/h3><div><p>Liberec<\/p>\n<\/div><div class=\"ssp-terms\"><table><thead><tr><th>Term\u00edn<\/th><th>D\u00e9lka<\/th><th>Volno<\/th><th><\/th><\/tr><\/thead><tbody><tr><td>1. 6. 2026 \u2013 14. 6. 2026<\/td><td>2 t\u00fdden\/t\u00fddny<\/td><td><span class=\"ssp-badge\">2 m\u00edst<\/span><\/td><td><button type=\"button\" class=\"ssp-button ssp-open-modal\" data-ssp-term=\"5\">Registrovat<\/button><\/td><\/tr><tr><td>15. 9. 2026 \u2013 12. 10. 2026<\/td><td>4 t\u00fdden\/t\u00fddny<\/td><td><span class=\"ssp-badge\">1 m\u00edst<\/span><\/td><td><button type=\"button\" class=\"ssp-button ssp-open-modal\" data-ssp-term=\"8\">Registrovat<\/button><\/td><\/tr><\/tbody><\/table><\/div><div id=\"ssp-form-template-5\" class=\"ssp-form-template\" style=\"display:none\"><h4 id=\"ssp-modal-title\">Registrace na st\u00e1\u017e<\/h4><p><strong>Instituce:<\/strong> KN Liberec<br><strong>Term\u00edn:<\/strong> 1. 6. 2026 \u2013 14. 6. 2026<\/p>        <form method=\"post\">\n            <input type=\"hidden\" id=\"ssp_register_nonce\" name=\"ssp_register_nonce\" value=\"c216fdfd9a\" \/><input type=\"hidden\" name=\"_wp_http_referer\" value=\"\/test\/wp-json\/wp\/v2\/pages\/8\" \/>            <input type=\"hidden\" name=\"ssp_action\" value=\"register_term\">\n            <input type=\"hidden\" name=\"term_id\" value=\"5\">\n            <input type=\"hidden\" name=\"institution_post_id\" value=\"6\">\n\n            <div class=\"ssp-form-row\">\n                <label>Jm\u00e9no a p\u0159\u00edjmen\u00ed<\/label>\n                <input type=\"text\" name=\"applicant_name\" required value=\"\">\n            <\/div>\n            <div class=\"ssp-form-row\">\n                <label>E-mail<\/label>\n                <input type=\"email\" name=\"applicant_email\" required value=\"\">\n            <\/div>\n            <div class=\"ssp-form-row\">\n                <label>Telefon<\/label>\n                <input type=\"text\" name=\"applicant_phone\">\n            <\/div>\n            <div class=\"ssp-form-row\">\n                <label>Pozn\u00e1mka<\/label>\n                <textarea name=\"applicant_note\" rows=\"4\" placeholder=\"Nap\u0159. obor, \u0161kola, preferovan\u00fd obsah st\u00e1\u017ee...\"><\/textarea>\n            <\/div>\n            <button class=\"ssp-button\" type=\"submit\">Odeslat registraci<\/button>\n        <\/form>\n        <\/div><div id=\"ssp-form-template-8\" class=\"ssp-form-template\" style=\"display:none\"><h4 id=\"ssp-modal-title\">Registrace na st\u00e1\u017e<\/h4><p><strong>Instituce:<\/strong> KN Liberec<br><strong>Term\u00edn:<\/strong> 15. 9. 2026 \u2013 12. 10. 2026<\/p>        <form method=\"post\">\n            <input type=\"hidden\" id=\"ssp_register_nonce\" name=\"ssp_register_nonce\" value=\"c216fdfd9a\" \/><input type=\"hidden\" name=\"_wp_http_referer\" value=\"\/test\/wp-json\/wp\/v2\/pages\/8\" \/>            <input type=\"hidden\" name=\"ssp_action\" value=\"register_term\">\n            <input type=\"hidden\" name=\"term_id\" value=\"8\">\n            <input type=\"hidden\" name=\"institution_post_id\" value=\"6\">\n\n            <div class=\"ssp-form-row\">\n                <label>Jm\u00e9no a p\u0159\u00edjmen\u00ed<\/label>\n                <input type=\"text\" name=\"applicant_name\" required value=\"\">\n            <\/div>\n            <div class=\"ssp-form-row\">\n                <label>E-mail<\/label>\n                <input type=\"email\" name=\"applicant_email\" required value=\"\">\n            <\/div>\n            <div class=\"ssp-form-row\">\n                <label>Telefon<\/label>\n                <input type=\"text\" name=\"applicant_phone\">\n            <\/div>\n            <div class=\"ssp-form-row\">\n                <label>Pozn\u00e1mka<\/label>\n                <textarea name=\"applicant_note\" rows=\"4\" placeholder=\"Nap\u0159. obor, \u0161kola, preferovan\u00fd obsah st\u00e1\u017ee...\"><\/textarea>\n            <\/div>\n            <button class=\"ssp-button\" type=\"submit\">Odeslat registraci<\/button>\n        <\/form>\n        <\/div><\/div><div class=\"ssp-card\"><h3>KN Liberec - \u010cesk\u00e1 L\u00edpa<\/h3><div><\/div><div class=\"ssp-terms\"><table><thead><tr><th>Term\u00edn<\/th><th>D\u00e9lka<\/th><th>Volno<\/th><th><\/th><\/tr><\/thead><tbody><tr><td>3. 8. 2026 \u2013 30. 8. 2026<\/td><td>4 t\u00fdden\/t\u00fddny<\/td><td><span class=\"ssp-badge\">2 m\u00edst<\/span><\/td><td><button type=\"button\" class=\"ssp-button ssp-open-modal\" data-ssp-term=\"6\">Registrovat<\/button><\/td><\/tr><tr><td>1. 9. 2026 \u2013 14. 9. 2026<\/td><td>2 t\u00fdden\/t\u00fddny<\/td><td><span class=\"ssp-badge\">2 m\u00edst<\/span><\/td><td><button type=\"button\" class=\"ssp-button ssp-open-modal\" data-ssp-term=\"7\">Registrovat<\/button><\/td><\/tr><\/tbody><\/table><\/div><div id=\"ssp-form-template-6\" class=\"ssp-form-template\" style=\"display:none\"><h4 id=\"ssp-modal-title\">Registrace na st\u00e1\u017e<\/h4><p><strong>Instituce:<\/strong> KN Liberec - \u010cesk\u00e1 L\u00edpa<br><strong>Term\u00edn:<\/strong> 3. 8. 2026 \u2013 30. 8. 2026<\/p>        <form method=\"post\">\n            <input type=\"hidden\" id=\"ssp_register_nonce\" name=\"ssp_register_nonce\" value=\"c216fdfd9a\" \/><input type=\"hidden\" name=\"_wp_http_referer\" value=\"\/test\/wp-json\/wp\/v2\/pages\/8\" \/>            <input type=\"hidden\" name=\"ssp_action\" value=\"register_term\">\n            <input type=\"hidden\" name=\"term_id\" value=\"6\">\n            <input type=\"hidden\" name=\"institution_post_id\" value=\"7\">\n\n            <div class=\"ssp-form-row\">\n                <label>Jm\u00e9no a p\u0159\u00edjmen\u00ed<\/label>\n                <input type=\"text\" name=\"applicant_name\" required value=\"\">\n            <\/div>\n            <div class=\"ssp-form-row\">\n                <label>E-mail<\/label>\n                <input type=\"email\" name=\"applicant_email\" required value=\"\">\n            <\/div>\n            <div class=\"ssp-form-row\">\n                <label>Telefon<\/label>\n                <input type=\"text\" name=\"applicant_phone\">\n            <\/div>\n            <div class=\"ssp-form-row\">\n                <label>Pozn\u00e1mka<\/label>\n                <textarea name=\"applicant_note\" rows=\"4\" placeholder=\"Nap\u0159. obor, \u0161kola, preferovan\u00fd obsah st\u00e1\u017ee...\"><\/textarea>\n            <\/div>\n            <button class=\"ssp-button\" type=\"submit\">Odeslat registraci<\/button>\n        <\/form>\n        <\/div><div id=\"ssp-form-template-7\" class=\"ssp-form-template\" style=\"display:none\"><h4 id=\"ssp-modal-title\">Registrace na st\u00e1\u017e<\/h4><p><strong>Instituce:<\/strong> KN Liberec - \u010cesk\u00e1 L\u00edpa<br><strong>Term\u00edn:<\/strong> 1. 9. 2026 \u2013 14. 9. 2026<\/p>        <form method=\"post\">\n            <input type=\"hidden\" id=\"ssp_register_nonce\" name=\"ssp_register_nonce\" value=\"c216fdfd9a\" \/><input type=\"hidden\" name=\"_wp_http_referer\" value=\"\/test\/wp-json\/wp\/v2\/pages\/8\" \/>            <input type=\"hidden\" name=\"ssp_action\" value=\"register_term\">\n            <input type=\"hidden\" name=\"term_id\" value=\"7\">\n            <input type=\"hidden\" name=\"institution_post_id\" value=\"7\">\n\n            <div class=\"ssp-form-row\">\n                <label>Jm\u00e9no a p\u0159\u00edjmen\u00ed<\/label>\n                <input type=\"text\" name=\"applicant_name\" required value=\"\">\n            <\/div>\n            <div class=\"ssp-form-row\">\n                <label>E-mail<\/label>\n                <input type=\"email\" name=\"applicant_email\" required value=\"\">\n            <\/div>\n            <div class=\"ssp-form-row\">\n                <label>Telefon<\/label>\n                <input type=\"text\" name=\"applicant_phone\">\n            <\/div>\n            <div class=\"ssp-form-row\">\n                <label>Pozn\u00e1mka<\/label>\n                <textarea name=\"applicant_note\" rows=\"4\" placeholder=\"Nap\u0159. obor, \u0161kola, preferovan\u00fd obsah st\u00e1\u017ee...\"><\/textarea>\n            <\/div>\n            <button class=\"ssp-button\" type=\"submit\">Odeslat registraci<\/button>\n        <\/form>\n        <\/div><\/div><\/div>\n","protected":false},"excerpt":{"rendered":"","protected":false},"author":1,"featured_media":0,"parent":0,"menu_order":0,"comment_status":"closed","ping_status":"closed","template":"","meta":{"footnotes":""},"class_list":["post-8","page","type-page","status-publish","hentry"],"_links":{"self":[{"href":"https:\/\/dc-designs.eu\/test\/wp-json\/wp\/v2\/pages\/8","targetHints":{"allow":["GET"]}}],"collection":[{"href":"https:\/\/dc-designs.eu\/test\/wp-json\/wp\/v2\/pages"}],"about":[{"href":"https:\/\/dc-designs.eu\/test\/wp-json\/wp\/v2\/types\/page"}],"author":[{"embeddable":true,"href":"https:\/\/dc-designs.eu\/test\/wp-json\/wp\/v2\/users\/1"}],"replies":[{"embeddable":true,"href":"https:\/\/dc-designs.eu\/test\/wp-json\/wp\/v2\/comments?post=8"}],"version-history":[{"count":1,"href":"https:\/\/dc-designs.eu\/test\/wp-json\/wp\/v2\/pages\/8\/revisions"}],"predecessor-version":[{"id":10,"href":"https:\/\/dc-designs.eu\/test\/wp-json\/wp\/v2\/pages\/8\/revisions\/10"}],"wp:attachment":[{"href":"https:\/\/dc-designs.eu\/test\/wp-json\/wp\/v2\/media?parent=8"}],"curies":[{"name":"wp","href":"https:\/\/api.w.org\/{rel}","templated":true}]}}